{"id":389,"date":"2019-11-02T23:23:30","date_gmt":"2019-11-02T22:23:30","guid":{"rendered":"http:\/\/192.168.1.200\/?page_id=389"},"modified":"2019-12-11T21:24:05","modified_gmt":"2019-12-11T20:24:05","slug":"szamitastechnika","status":"publish","type":"page","link":"https:\/\/espat.sk\/wordpress\/szamitastechnika\/","title":{"rendered":"Sz\u00e1m\u00edt\u00f3g\u00e9pek \u00e9s sz\u00e1m\u00edt\u00f3g\u00e9pes h\u00e1l\u00f3zatok menedzsel\u00e9se"},"content":{"rendered":"<h2 style=\"text-align: center;\"><span style=\"font-size: 18pt;\"><span class=\"tlid-translation translation\" lang=\"sk\"><span class=\"\" title=\"\">\u00a0<strong>Sz\u00e1m\u00edt\u00f3g\u00e9pek \u00e9s sz\u00e1m\u00edt\u00f3g\u00e9pes h\u00e1l\u00f3zatok menedzsel\u00e9se<\/strong><\/span><\/span><\/span><\/h2>\r\n<p>&nbsp;<\/p>\r\n<p><img loading=\"lazy\" decoding=\"async\" class=\"wp-image-215 aligncenter\" src=\"https:\/\/192.168.1.200\/wordpress\/wp-content\/uploads\/2019\/10\/administrator-1188494_640-3-300x198.jpg\" alt=\"\" width=\"498\" height=\"329\" srcset=\"https:\/\/espat.sk\/wordpress\/wp-content\/uploads\/2019\/10\/administrator-1188494_640-3-300x198.jpg 300w, https:\/\/espat.sk\/wordpress\/wp-content\/uploads\/2019\/10\/administrator-1188494_640-3-150x99.jpg 150w, https:\/\/espat.sk\/wordpress\/wp-content\/uploads\/2019\/10\/administrator-1188494_640-3.jpg 640w\" sizes=\"auto, (max-width: 498px) 100vw, 498px\" \/><\/p>\r\n<p>&nbsp;<\/p>\r\n<p><span style=\"font-size: 12pt;\"><span class=\"tlid-translation translation\" lang=\"sk\"><span class=\"\" title=\"\">\u00a0\u00a0\u00a0\u00a0\u00a0 Ne engedje, hogy \u00f6nt a saj\u00e1t technol\u00f3giai <\/span><\/span><\/span><span style=\"font-size: 12pt;\"><span class=\"tlid-translation translation\" lang=\"sk\"><span class=\"\" title=\"\">eszk\u00f6zei korl\u00e1tozz\u00e1k.\u00a0<\/span> Sz\u00e1m\u00edt\u00f3g\u00e9pe \u00e9s sz\u00e1m\u00edt\u00f3g\u00e9pes h\u00e1l\u00f3zata megb\u00edzhat\u00f3 m\u0171k\u00f6d\u00e9s\u00e9nek, a biztons\u00e1gi kock\u00e1zatok minimaliz\u00e1l\u00e1s\u00e1nak a\u00a0 legbiztosabb m\u00f3dszere a rendszeres karbantart\u00e1s<\/span><span class=\"tlid-translation translation\" lang=\"sk\"><span class=\"\" title=\"\">. Az \u00f6n rendelkez\u00e9s\u00e9re \u00e1llok.<br \/><\/span><\/span><\/span><\/p>\r\n<p><span style=\"font-size: 12pt;\"> <span class=\"\" title=\"\"><br \/><\/span><\/span><\/p>\r\n\r\n<figure class=\"wp-block-image\"><\/figure>\r\n<h2>\u00a0\u00a0\u00a0\u00a0 <strong>Szolg\u00e1ltat\u00e1saim :<\/strong><\/h2>\r\n<p><img loading=\"lazy\" decoding=\"async\" class=\"wp-image-307 alignleft\" src=\"https:\/\/192.168.1.200\/wordpress\/wp-content\/uploads\/2019\/11\/check-mark-42622_640-261x300.png\" alt=\"\" width=\"16\" height=\"18\" srcset=\"https:\/\/espat.sk\/wordpress\/wp-content\/uploads\/2019\/11\/check-mark-42622_640-261x300.png 261w, https:\/\/espat.sk\/wordpress\/wp-content\/uploads\/2019\/11\/check-mark-42622_640-130x150.png 130w, https:\/\/espat.sk\/wordpress\/wp-content\/uploads\/2019\/11\/check-mark-42622_640.png 556w\" sizes=\"auto, (max-width: 16px) 100vw, 16px\" \/><span style=\"font-size: 12pt;\">Sz\u00e1m\u00edt\u00e1stechnikai eszk\u00f6z\u00f6k \u00e9s kieg\u00e9sz\u00edt\u0151k \u00e9rt\u00e9kes\u00edt\u00e9se<\/span><\/p>\r\n<p><span style=\"font-size: 12pt;\"><img loading=\"lazy\" decoding=\"async\" class=\"wp-image-307 alignleft\" src=\"https:\/\/192.168.1.200\/wordpress\/wp-content\/uploads\/2019\/11\/check-mark-42622_640-261x300.png\" alt=\"\" width=\"16\" height=\"18\" srcset=\"https:\/\/espat.sk\/wordpress\/wp-content\/uploads\/2019\/11\/check-mark-42622_640-261x300.png 261w, https:\/\/espat.sk\/wordpress\/wp-content\/uploads\/2019\/11\/check-mark-42622_640-130x150.png 130w, https:\/\/espat.sk\/wordpress\/wp-content\/uploads\/2019\/11\/check-mark-42622_640.png 556w\" sizes=\"auto, (max-width: 16px) 100vw, 16px\" \/>Sz\u00e1m\u00edt\u00f3g\u00e9pek jav\u00edt\u00e1sa \u00e9s karbantart\u00e1sa, notebookok tiszt\u00edt\u00e1sa<\/span><\/p>\r\n<p><span style=\"font-size: 12pt;\"><img loading=\"lazy\" decoding=\"async\" class=\"wp-image-307 alignleft\" src=\"https:\/\/192.168.1.200\/wordpress\/wp-content\/uploads\/2019\/11\/check-mark-42622_640-261x300.png\" alt=\"\" width=\"16\" height=\"18\" srcset=\"https:\/\/espat.sk\/wordpress\/wp-content\/uploads\/2019\/11\/check-mark-42622_640-261x300.png 261w, https:\/\/espat.sk\/wordpress\/wp-content\/uploads\/2019\/11\/check-mark-42622_640-130x150.png 130w, https:\/\/espat.sk\/wordpress\/wp-content\/uploads\/2019\/11\/check-mark-42622_640.png 556w\" sizes=\"auto, (max-width: 16px) 100vw, 16px\" \/> Sz\u00e1m\u00edt\u00f3g\u00e9pes h\u00e1l\u00f3zatok tervez\u00e9se \u00e9s kivitelez\u00e9se<\/span><\/p>\r\n<p><span style=\"font-size: 12pt;\"><img loading=\"lazy\" decoding=\"async\" class=\"wp-image-307 alignleft\" src=\"https:\/\/192.168.1.200\/wordpress\/wp-content\/uploads\/2019\/11\/check-mark-42622_640-261x300.png\" alt=\"\" width=\"16\" height=\"18\" srcset=\"https:\/\/espat.sk\/wordpress\/wp-content\/uploads\/2019\/11\/check-mark-42622_640-261x300.png 261w, https:\/\/espat.sk\/wordpress\/wp-content\/uploads\/2019\/11\/check-mark-42622_640-130x150.png 130w, https:\/\/espat.sk\/wordpress\/wp-content\/uploads\/2019\/11\/check-mark-42622_640.png 556w\" sizes=\"auto, (max-width: 16px) 100vw, 16px\" \/> Sz\u00e1m\u00edt\u00f3g\u00e9pek \u00e9s sz\u00e1m\u00edt\u00f3g\u00e9pes h\u00e1l\u00f3zatok fel\u00fcgyelete<\/span><\/p>\r\n<p><span style=\"font-size: 12pt;\"><img loading=\"lazy\" decoding=\"async\" class=\"wp-image-307 alignleft\" src=\"https:\/\/192.168.1.200\/wordpress\/wp-content\/uploads\/2019\/11\/check-mark-42622_640-261x300.png\" alt=\"\" width=\"16\" height=\"18\" srcset=\"https:\/\/espat.sk\/wordpress\/wp-content\/uploads\/2019\/11\/check-mark-42622_640-261x300.png 261w, https:\/\/espat.sk\/wordpress\/wp-content\/uploads\/2019\/11\/check-mark-42622_640-130x150.png 130w, https:\/\/espat.sk\/wordpress\/wp-content\/uploads\/2019\/11\/check-mark-42622_640.png 556w\" sizes=\"auto, (max-width: 16px) 100vw, 16px\" \/> P\u00e9nzt\u00e1rg\u00e9p tan\u00e1csad\u00e1s \u00a0<\/span><\/p>\r\n<p>&nbsp;<\/p>\r\n<p><img loading=\"lazy\" decoding=\"async\" class=\"wp-image-136 aligncenter\" src=\"https:\/\/192.168.1.200\/wordpress\/wp-content\/uploads\/2019\/10\/switch-3297900_640-300x225.jpg\" alt=\"\" width=\"479\" height=\"359\" srcset=\"https:\/\/espat.sk\/wordpress\/wp-content\/uploads\/2019\/10\/switch-3297900_640-300x225.jpg 300w, https:\/\/espat.sk\/wordpress\/wp-content\/uploads\/2019\/10\/switch-3297900_640-150x113.jpg 150w, https:\/\/espat.sk\/wordpress\/wp-content\/uploads\/2019\/10\/switch-3297900_640.jpg 640w\" sizes=\"auto, (max-width: 479px) 100vw, 479px\" \/><\/p>\r\n<h2><strong>Specializ\u00e1ci\u00f3m:<\/strong><\/h2>\r\n<p><img loading=\"lazy\" decoding=\"async\" class=\"wp-image-307 alignleft\" src=\"https:\/\/192.168.1.200\/wordpress\/wp-content\/uploads\/2019\/11\/check-mark-42622_640-261x300.png\" alt=\"\" width=\"16\" height=\"18\" srcset=\"https:\/\/espat.sk\/wordpress\/wp-content\/uploads\/2019\/11\/check-mark-42622_640-261x300.png 261w, https:\/\/espat.sk\/wordpress\/wp-content\/uploads\/2019\/11\/check-mark-42622_640-130x150.png 130w, https:\/\/espat.sk\/wordpress\/wp-content\/uploads\/2019\/11\/check-mark-42622_640.png 556w\" sizes=\"auto, (max-width: 16px) 100vw, 16px\" \/><span style=\"font-size: 12pt;\"><strong>Ubiquiti m\u00e1rka akt\u00edv, menedzselhet\u0151 term\u00e9keire \u00e9p\u00fcl\u0151 sz\u00e1m\u00edt\u00f3g\u00e9pes h\u00e1l\u00f3zatok<\/strong> otthoni, vagy v\u00e1llalati k\u00f6rnyezetben, melyek t\u00f6bbek k\u00f6z\u00f6tt teljesk\u00f6r\u0171 \u00e9s maxim\u00e1lis sebess\u00e9g\u0171 WiFi lefedetts\u00e9get biztos\u00edtanak az \u00e9rdekter\u00fclet minden pontj\u00e1ban<\/span><\/p>\r\n<p><span style=\"font-size: 12pt;\"> <img loading=\"lazy\" decoding=\"async\" class=\"wp-image-307 alignleft\" src=\"https:\/\/192.168.1.200\/wordpress\/wp-content\/uploads\/2019\/11\/check-mark-42622_640-261x300.png\" alt=\"\" width=\"16\" height=\"18\" srcset=\"https:\/\/espat.sk\/wordpress\/wp-content\/uploads\/2019\/11\/check-mark-42622_640-261x300.png 261w, https:\/\/espat.sk\/wordpress\/wp-content\/uploads\/2019\/11\/check-mark-42622_640-130x150.png 130w, https:\/\/espat.sk\/wordpress\/wp-content\/uploads\/2019\/11\/check-mark-42622_640.png 556w\" sizes=\"auto, (max-width: 16px) 100vw, 16px\" \/> <strong>Synology NAS szerver megold\u00e1sok h\u00e1ztart\u00e1sok r\u00e9sz\u00e9re:<\/strong><\/span><\/p>\r\n<ul>\r\n<li><span style=\"font-size: 12pt;\">k\u00f6z\u00f6s adatt\u00e1rhely a csal\u00e1d minden tagja sz\u00e1m\u00e1ra egy\u00e9nre szabhat\u00f3 jogosults\u00e1gokkal<\/span><\/li>\r\n<li><span style=\"font-size: 12pt;\">a t\u00e1rhely b\u00e1rmilyen h\u00e1l\u00f3zathoz\u00a0 csatlakoztatott eszk\u00f6zr\u0151l el\u00e9rhet\u0151 (ak\u00e1r interneten kereszt\u00fcl is), legyen az sz\u00e1m\u00edt\u00f3g\u00e9p, notebook, okostelefon, t\u00e1blag\u00e9p,\u00a0 okos TV, multim\u00e9di\u00e1s k\u00e9sz\u00fcl\u00e9k, m\u0171holdvev\u0151&#8230;<\/span><\/li>\r\n<li><span style=\"font-size: 12pt;\">csal\u00e1di f\u00e9nyk\u00e9palbum, videofelv\u00e9telek vagy m\u00e1s adat t\u00e1rol\u00e1sa t\u00f6bb merevlemezre egyidej\u0171leg (RAID) az adatok biztons\u00e1ga v\u00e9gett<br \/><\/span><\/li>\r\n<li><span style=\"font-size: 12pt;\">\u00a0szerveren t\u00e1rolt saj\u00e1t &#8220;felh\u0151&#8221; kialak\u00edt\u00e1sa, mely az \u00f6sszes neves felh\u0151szolg\u00e1ltat\u00f3val k\u00e9pes szinkroniz\u00e1lni<\/span><\/li>\r\n<li><span style=\"font-size: 12pt;\">k\u00f6lts\u00e9gt\u00e9r\u00edt\u00e9smentes saj\u00e1t web szerver (SQL server, PHP h\u00e1tt\u00e9rt\u00e1mogat\u00e1ssal)<\/span><\/li>\r\n<li><span style=\"font-size: 12pt;\">felhaszn\u00e1l\u00f3bar\u00e1t IP kamera-kezel\u0151 b\u0151v\u00edtm\u00e9ny a szerver \u00e1ltal biztos\u00edtott t\u00e1rhellyel\u00a0 kamerafelv\u00e9telek sz\u00e1m\u00e1ra<\/span><\/li>\r\n<li><span style=\"font-size: 12pt;\">FTP szerver &#8211; nagy terjedelm\u0171 adatok \u00e1tvitel\u00e9re interneten kereszt\u00fcl<\/span><\/li>\r\n<li><span style=\"font-size: 12pt;\">t\u00e1rolt adatok biztons\u00e1gos el\u00e9rhet\u0151s\u00e9ge interneten kereszt\u00fcl<\/span><\/li>\r\n<li><span style=\"font-size: 12pt;\">Download Station &#8211; torrent alkalmaz\u00e1s<\/span><\/li>\r\n<li><span style=\"font-size: 12pt;\">b\u0151v\u00edtm\u00e9nyek telep\u00edt\u00e9se telep\u00edt\u0151csomagok seg\u00edts\u00e9g\u00e9vel<\/span><\/li>\r\n<\/ul>\r\n<p><span style=\"font-size: 12pt;\"><img loading=\"lazy\" decoding=\"async\" class=\"wp-image-307 alignleft\" src=\"https:\/\/192.168.1.200\/wordpress\/wp-content\/uploads\/2019\/11\/check-mark-42622_640-261x300.png\" alt=\"\" width=\"16\" height=\"18\" srcset=\"https:\/\/espat.sk\/wordpress\/wp-content\/uploads\/2019\/11\/check-mark-42622_640-261x300.png 261w, https:\/\/espat.sk\/wordpress\/wp-content\/uploads\/2019\/11\/check-mark-42622_640-130x150.png 130w, https:\/\/espat.sk\/wordpress\/wp-content\/uploads\/2019\/11\/check-mark-42622_640.png 556w\" sizes=\"auto, (max-width: 16px) 100vw, 16px\" \/> <strong>Synology NAS szerver v\u00e1llalati megold\u00e1sok:<\/strong><\/span><\/p>\r\n<ul>\r\n<li><span style=\"font-size: 12pt;\">k\u00f6z\u00f6s adatt\u00e1rhely a v\u00e1llalat minden alkalmazottja sz\u00e1m\u00e1ra egy\u00e9nre szabhat\u00f3 jogosults\u00e1gokkal <\/span><\/li>\r\n<li><span style=\"font-size: 12pt;\">Synology Active Directory Server haszn\u00e1lata (A Windows Server Active directory Domain Service licenszd\u00edjmentes megold\u00e1sa)<\/span><\/li>\r\n<li><span style=\"font-size: 12pt;\">v\u00e1llalati\u00a0 adatok t\u00e1rol\u00e1sa adat t\u00e1rol\u00e1sa t\u00f6bb merevlemezre egyidej\u0171leg (RAID)<\/span><\/li>\r\n<li><span style=\"font-size: 12pt;\"> sz\u00fcnetmentes t\u00e1pegys\u00e9g vez\u00e9rl\u00e9se USB csatlakoz\u00f3n kereszt\u00fcl <br \/><\/span><\/li>\r\n<li><span style=\"font-size: 12pt;\">k\u00f6lts\u00e9gt\u00e9r\u00edt\u00e9smentes saj\u00e1t web szerver (SQL server, PHP h\u00e1tt\u00e9rt\u00e1mogat\u00e1ssal)<\/span><\/li>\r\n<li><span style=\"font-size: 12pt;\">MariaDB adatb\u00e1ziskezel\u0151 SQL server\u00a0 v\u00e1llalati szoftverekhez<br \/><\/span><\/li>\r\n<li><span style=\"font-size: 12pt;\">FTP szerver &#8211; nagy terjedelm\u0171 adatok \u00e1tvitel\u00e9re interneten kereszt\u00fcl<\/span><\/li>\r\n<li><span style=\"font-size: 12pt;\">mailserver<\/span><\/li>\r\n<li><span style=\"font-size: 12pt;\">interneten kereszt\u00fcli adathozz\u00e1f\u00e9r\u00e9s t\u00e1vmunka form\u00e1ban dolgoz\u00f3 alkalmazottak sz\u00e1m\u00e1ra<\/span><\/li>\r\n<li><span style=\"font-size: 12pt;\">virtualiz\u00e1ci\u00f3<\/span><\/li>\r\n<\/ul>\r\n<p><img loading=\"lazy\" decoding=\"async\" class=\"alignnone  wp-image-359\" src=\"https:\/\/192.168.1.200\/wordpress\/wp-content\/uploads\/2019\/11\/nas-1-300x222.jpg\" alt=\"\" width=\"443\" height=\"328\" srcset=\"https:\/\/espat.sk\/wordpress\/wp-content\/uploads\/2019\/11\/nas-1-300x222.jpg 300w, https:\/\/espat.sk\/wordpress\/wp-content\/uploads\/2019\/11\/nas-1-150x111.jpg 150w, https:\/\/espat.sk\/wordpress\/wp-content\/uploads\/2019\/11\/nas-1.jpg 624w\" sizes=\"auto, (max-width: 443px) 100vw, 443px\" \/><img loading=\"lazy\" decoding=\"async\" class=\"size-medium wp-image-451 alignnone\" src=\"https:\/\/192.168.1.200\/wordpress\/wp-content\/uploads\/2019\/11\/Alexander-Patus-mini_logo-300x44.png\" alt=\"\" width=\"300\" height=\"44\" srcset=\"https:\/\/espat.sk\/wordpress\/wp-content\/uploads\/2019\/11\/Alexander-Patus-mini_logo-300x44.png 300w, https:\/\/espat.sk\/wordpress\/wp-content\/uploads\/2019\/11\/Alexander-Patus-mini_logo-150x22.png 150w, https:\/\/espat.sk\/wordpress\/wp-content\/uploads\/2019\/11\/Alexander-Patus-mini_logo.png 630w\" sizes=\"auto, (max-width: 300px) 100vw, 300px\" \/><\/p>\r\n","protected":false},"excerpt":{"rendered":"<p>\u00a0Sz\u00e1m\u00edt\u00f3g\u00e9pek \u00e9s sz\u00e1m\u00edt\u00f3g\u00e9pes h\u00e1l\u00f3zatok menedzsel\u00e9se &nbsp; &nbsp; \u00a0\u00a0\u00a0\u00a0\u00a0 Ne engedje, hogy \u00f6nt a saj\u00e1t technol\u00f3giai eszk\u00f6zei korl\u00e1tozz\u00e1k.\u00a0 Sz\u00e1m\u00edt\u00f3g\u00e9pe \u00e9s sz\u00e1m\u00edt\u00f3g\u00e9pes h\u00e1l\u00f3zata megb\u00edzhat\u00f3 m\u0171k\u00f6d\u00e9s\u00e9nek, a biztons\u00e1gi kock\u00e1zatok minimaliz\u00e1l\u00e1s\u00e1nak a\u00a0 legbiztosabb m\u00f3dszere a rendszeres karbantart\u00e1s. Az \u00f6n rendelkez\u00e9s\u00e9re \u00e1llok.<\/p>\n","protected":false},"author":1,"featured_media":278,"parent":0,"menu_order":1,"comment_status":"closed","ping_status":"closed","template":"templates\/fullwidth.php","meta":{"footnotes":""},"class_list":["post-389","page","type-page","status-publish","has-post-thumbnail","hentry","page-entry","loop-entry clr"],"yoast_head":"<!-- This site is optimized with the Yoast SEO plugin v18.4.1 - https:\/\/yoast.com\/wordpress\/plugins\/seo\/ -->\n<title>Sz\u00e1m\u00edt\u00f3g\u00e9pek \u00e9s sz\u00e1m\u00edt\u00f3g\u00e9pes h\u00e1l\u00f3zatok menedzsel\u00e9se - Alexander Patus - ESPAT<\/title>\n<meta name=\"robots\" content=\"index, follow, max-snippet:-1, max-image-preview:large, max-video-preview:-1\" \/>\n<link rel=\"canonical\" href=\"https:\/\/espat.sk\/wordpress\/szamitastechnika\/\" \/>\n<meta property=\"og:locale\" content=\"hu_HU\" \/>\n<meta property=\"og:type\" content=\"article\" \/>\n<meta property=\"og:title\" content=\"Sz\u00e1m\u00edt\u00f3g\u00e9pek \u00e9s sz\u00e1m\u00edt\u00f3g\u00e9pes h\u00e1l\u00f3zatok menedzsel\u00e9se - Alexander Patus - ESPAT\" \/>\n<meta property=\"og:description\" content=\"\u00a0Sz\u00e1m\u00edt\u00f3g\u00e9pek \u00e9s sz\u00e1m\u00edt\u00f3g\u00e9pes h\u00e1l\u00f3zatok menedzsel\u00e9se &nbsp; &nbsp; \u00a0\u00a0\u00a0\u00a0\u00a0 Ne engedje, hogy \u00f6nt a saj\u00e1t technol\u00f3giai eszk\u00f6zei korl\u00e1tozz\u00e1k.\u00a0 Sz\u00e1m\u00edt\u00f3g\u00e9pe \u00e9s sz\u00e1m\u00edt\u00f3g\u00e9pes h\u00e1l\u00f3zata megb\u00edzhat\u00f3 m\u0171k\u00f6d\u00e9s\u00e9nek, a biztons\u00e1gi kock\u00e1zatok minimaliz\u00e1l\u00e1s\u00e1nak a\u00a0 legbiztosabb m\u00f3dszere a rendszeres karbantart\u00e1s. Az \u00f6n rendelkez\u00e9s\u00e9re \u00e1llok.\" \/>\n<meta property=\"og:url\" content=\"https:\/\/espat.sk\/wordpress\/szamitastechnika\/\" \/>\n<meta property=\"og:site_name\" content=\"Alexander Patus - ESPAT\" \/>\n<meta property=\"article:publisher\" content=\"https:\/\/www.facebook.com\/alexanderpatusespat\" \/>\n<meta property=\"article:modified_time\" content=\"2019-12-11T20:24:05+00:00\" \/>\n<meta property=\"og:image\" content=\"https:\/\/espat.sk\/wordpress\/wp-content\/uploads\/2019\/10\/binary-2910663_1280x100-1.jpg\" \/>\n\t<meta property=\"og:image:width\" content=\"1280\" \/>\n\t<meta property=\"og:image:height\" content=\"100\" \/>\n\t<meta property=\"og:image:type\" content=\"image\/jpeg\" \/>\n<meta name=\"twitter:card\" content=\"summary_large_image\" \/>\n<meta name=\"twitter:label1\" content=\"Becs\u00fclt olvas\u00e1si id\u0151\" \/>\n\t<meta name=\"twitter:data1\" content=\"3 perc\" \/>\n<script type=\"application\/ld+json\" class=\"yoast-schema-graph\">{\"@context\":\"https:\/\/schema.org\",\"@graph\":[{\"@type\":\"Organization\",\"@id\":\"https:\/\/espat.sk\/wordpress\/#organization\",\"name\":\"Alexander Patus - ESPAT\",\"url\":\"https:\/\/espat.sk\/wordpress\/\",\"sameAs\":[\"https:\/\/www.facebook.com\/alexanderpatusespat\"],\"logo\":{\"@type\":\"ImageObject\",\"@id\":\"https:\/\/espat.sk\/wordpress\/#logo\",\"inLanguage\":\"hu\",\"url\":\"https:\/\/espat.sk\/wordpress\/wp-content\/uploads\/2019\/11\/Alexander-Patus-mini_logo-1.jpg\",\"contentUrl\":\"https:\/\/espat.sk\/wordpress\/wp-content\/uploads\/2019\/11\/Alexander-Patus-mini_logo-1.jpg\",\"width\":630,\"height\":93,\"caption\":\"Alexander Patus - ESPAT\"},\"image\":{\"@id\":\"https:\/\/espat.sk\/wordpress\/#logo\"}},{\"@type\":\"WebSite\",\"@id\":\"https:\/\/espat.sk\/wordpress\/#website\",\"url\":\"https:\/\/espat.sk\/wordpress\/\",\"name\":\"Alexander Patus - ESPAT\",\"description\":\"IT and fire\",\"publisher\":{\"@id\":\"https:\/\/espat.sk\/wordpress\/#organization\"},\"potentialAction\":[{\"@type\":\"SearchAction\",\"target\":{\"@type\":\"EntryPoint\",\"urlTemplate\":\"https:\/\/espat.sk\/wordpress\/?s={search_term_string}\"},\"query-input\":\"required name=search_term_string\"}],\"inLanguage\":\"hu\"},{\"@type\":\"ImageObject\",\"@id\":\"https:\/\/espat.sk\/wordpress\/szamitastechnika\/#primaryimage\",\"inLanguage\":\"hu\",\"url\":\"https:\/\/espat.sk\/wordpress\/wp-content\/uploads\/2019\/10\/binary-2910663_1280x100-1.jpg\",\"contentUrl\":\"https:\/\/espat.sk\/wordpress\/wp-content\/uploads\/2019\/10\/binary-2910663_1280x100-1.jpg\",\"width\":1280,\"height\":100},{\"@type\":\"WebPage\",\"@id\":\"https:\/\/espat.sk\/wordpress\/szamitastechnika\/#webpage\",\"url\":\"https:\/\/espat.sk\/wordpress\/szamitastechnika\/\",\"name\":\"Sz\u00e1m\u00edt\u00f3g\u00e9pek \u00e9s sz\u00e1m\u00edt\u00f3g\u00e9pes h\u00e1l\u00f3zatok menedzsel\u00e9se - Alexander Patus - ESPAT\",\"isPartOf\":{\"@id\":\"https:\/\/espat.sk\/wordpress\/#website\"},\"primaryImageOfPage\":{\"@id\":\"https:\/\/espat.sk\/wordpress\/szamitastechnika\/#primaryimage\"},\"datePublished\":\"2019-11-02T22:23:30+00:00\",\"dateModified\":\"2019-12-11T20:24:05+00:00\",\"breadcrumb\":{\"@id\":\"https:\/\/espat.sk\/wordpress\/szamitastechnika\/#breadcrumb\"},\"inLanguage\":\"hu\",\"potentialAction\":[{\"@type\":\"ReadAction\",\"target\":[\"https:\/\/espat.sk\/wordpress\/szamitastechnika\/\"]}]},{\"@type\":\"BreadcrumbList\",\"@id\":\"https:\/\/espat.sk\/wordpress\/szamitastechnika\/#breadcrumb\",\"itemListElement\":[{\"@type\":\"ListItem\",\"position\":1,\"name\":\"Home\",\"item\":\"https:\/\/espat.sk\/wordpress\/\"},{\"@type\":\"ListItem\",\"position\":2,\"name\":\"Sz\u00e1m\u00edt\u00f3g\u00e9pek \u00e9s sz\u00e1m\u00edt\u00f3g\u00e9pes h\u00e1l\u00f3zatok menedzsel\u00e9se\"}]}]}<\/script>\n<!-- \/ Yoast SEO plugin. -->","yoast_head_json":{"title":"Sz\u00e1m\u00edt\u00f3g\u00e9pek \u00e9s sz\u00e1m\u00edt\u00f3g\u00e9pes h\u00e1l\u00f3zatok menedzsel\u00e9se - Alexander Patus - ESPAT","robots":{"index":"index","follow":"follow","max-snippet":"max-snippet:-1","max-image-preview":"max-image-preview:large","max-video-preview":"max-video-preview:-1"},"canonical":"https:\/\/espat.sk\/wordpress\/szamitastechnika\/","og_locale":"hu_HU","og_type":"article","og_title":"Sz\u00e1m\u00edt\u00f3g\u00e9pek \u00e9s sz\u00e1m\u00edt\u00f3g\u00e9pes h\u00e1l\u00f3zatok menedzsel\u00e9se - Alexander Patus - ESPAT","og_description":"\u00a0Sz\u00e1m\u00edt\u00f3g\u00e9pek \u00e9s sz\u00e1m\u00edt\u00f3g\u00e9pes h\u00e1l\u00f3zatok menedzsel\u00e9se &nbsp; &nbsp; \u00a0\u00a0\u00a0\u00a0\u00a0 Ne engedje, hogy \u00f6nt a saj\u00e1t technol\u00f3giai eszk\u00f6zei korl\u00e1tozz\u00e1k.\u00a0 Sz\u00e1m\u00edt\u00f3g\u00e9pe \u00e9s sz\u00e1m\u00edt\u00f3g\u00e9pes h\u00e1l\u00f3zata megb\u00edzhat\u00f3 m\u0171k\u00f6d\u00e9s\u00e9nek, a biztons\u00e1gi kock\u00e1zatok minimaliz\u00e1l\u00e1s\u00e1nak a\u00a0 legbiztosabb m\u00f3dszere a rendszeres karbantart\u00e1s. Az \u00f6n rendelkez\u00e9s\u00e9re \u00e1llok.","og_url":"https:\/\/espat.sk\/wordpress\/szamitastechnika\/","og_site_name":"Alexander Patus - ESPAT","article_publisher":"https:\/\/www.facebook.com\/alexanderpatusespat","article_modified_time":"2019-12-11T20:24:05+00:00","og_image":[{"width":1280,"height":100,"url":"https:\/\/espat.sk\/wordpress\/wp-content\/uploads\/2019\/10\/binary-2910663_1280x100-1.jpg","type":"image\/jpeg"}],"twitter_card":"summary_large_image","twitter_misc":{"Becs\u00fclt olvas\u00e1si id\u0151":"3 perc"},"schema":{"@context":"https:\/\/schema.org","@graph":[{"@type":"Organization","@id":"https:\/\/espat.sk\/wordpress\/#organization","name":"Alexander Patus - ESPAT","url":"https:\/\/espat.sk\/wordpress\/","sameAs":["https:\/\/www.facebook.com\/alexanderpatusespat"],"logo":{"@type":"ImageObject","@id":"https:\/\/espat.sk\/wordpress\/#logo","inLanguage":"hu","url":"https:\/\/espat.sk\/wordpress\/wp-content\/uploads\/2019\/11\/Alexander-Patus-mini_logo-1.jpg","contentUrl":"https:\/\/espat.sk\/wordpress\/wp-content\/uploads\/2019\/11\/Alexander-Patus-mini_logo-1.jpg","width":630,"height":93,"caption":"Alexander Patus - ESPAT"},"image":{"@id":"https:\/\/espat.sk\/wordpress\/#logo"}},{"@type":"WebSite","@id":"https:\/\/espat.sk\/wordpress\/#website","url":"https:\/\/espat.sk\/wordpress\/","name":"Alexander Patus - ESPAT","description":"IT and fire","publisher":{"@id":"https:\/\/espat.sk\/wordpress\/#organization"},"potentialAction":[{"@type":"SearchAction","target":{"@type":"EntryPoint","urlTemplate":"https:\/\/espat.sk\/wordpress\/?s={search_term_string}"},"query-input":"required name=search_term_string"}],"inLanguage":"hu"},{"@type":"ImageObject","@id":"https:\/\/espat.sk\/wordpress\/szamitastechnika\/#primaryimage","inLanguage":"hu","url":"https:\/\/espat.sk\/wordpress\/wp-content\/uploads\/2019\/10\/binary-2910663_1280x100-1.jpg","contentUrl":"https:\/\/espat.sk\/wordpress\/wp-content\/uploads\/2019\/10\/binary-2910663_1280x100-1.jpg","width":1280,"height":100},{"@type":"WebPage","@id":"https:\/\/espat.sk\/wordpress\/szamitastechnika\/#webpage","url":"https:\/\/espat.sk\/wordpress\/szamitastechnika\/","name":"Sz\u00e1m\u00edt\u00f3g\u00e9pek \u00e9s sz\u00e1m\u00edt\u00f3g\u00e9pes h\u00e1l\u00f3zatok menedzsel\u00e9se - Alexander Patus - ESPAT","isPartOf":{"@id":"https:\/\/espat.sk\/wordpress\/#website"},"primaryImageOfPage":{"@id":"https:\/\/espat.sk\/wordpress\/szamitastechnika\/#primaryimage"},"datePublished":"2019-11-02T22:23:30+00:00","dateModified":"2019-12-11T20:24:05+00:00","breadcrumb":{"@id":"https:\/\/espat.sk\/wordpress\/szamitastechnika\/#breadcrumb"},"inLanguage":"hu","potentialAction":[{"@type":"ReadAction","target":["https:\/\/espat.sk\/wordpress\/szamitastechnika\/"]}]},{"@type":"BreadcrumbList","@id":"https:\/\/espat.sk\/wordpress\/szamitastechnika\/#breadcrumb","itemListElement":[{"@type":"ListItem","position":1,"name":"Home","item":"https:\/\/espat.sk\/wordpress\/"},{"@type":"ListItem","position":2,"name":"Sz\u00e1m\u00edt\u00f3g\u00e9pek \u00e9s sz\u00e1m\u00edt\u00f3g\u00e9pes h\u00e1l\u00f3zatok menedzsel\u00e9se"}]}]}},"_links":{"self":[{"href":"https:\/\/espat.sk\/wordpress\/wp-json\/wp\/v2\/pages\/389","targetHints":{"allow":["GET"]}}],"collection":[{"href":"https:\/\/espat.sk\/wordpress\/wp-json\/wp\/v2\/pages"}],"about":[{"href":"https:\/\/espat.sk\/wordpress\/wp-json\/wp\/v2\/types\/page"}],"author":[{"embeddable":true,"href":"https:\/\/espat.sk\/wordpress\/wp-json\/wp\/v2\/users\/1"}],"replies":[{"embeddable":true,"href":"https:\/\/espat.sk\/wordpress\/wp-json\/wp\/v2\/comments?post=389"}],"version-history":[{"count":15,"href":"https:\/\/espat.sk\/wordpress\/wp-json\/wp\/v2\/pages\/389\/revisions"}],"predecessor-version":[{"id":491,"href":"https:\/\/espat.sk\/wordpress\/wp-json\/wp\/v2\/pages\/389\/revisions\/491"}],"wp:featuredmedia":[{"embeddable":true,"href":"https:\/\/espat.sk\/wordpress\/wp-json\/wp\/v2\/media\/278"}],"wp:attachment":[{"href":"https:\/\/espat.sk\/wordpress\/wp-json\/wp\/v2\/media?parent=389"}],"curies":[{"name":"wp","href":"https:\/\/api.w.org\/{rel}","templated":true}]}}