{"id":196,"date":"2019-10-29T18:49:17","date_gmt":"2019-10-29T18:49:17","guid":{"rendered":"http:\/\/192.168.1.200\/wordpress\/?page_id=196"},"modified":"2025-03-31T12:42:18","modified_gmt":"2025-03-31T11:42:18","slug":"tuzjelzo","status":"publish","type":"page","link":"https:\/\/espat.sk\/wordpress\/tuzjelzo\/","title":{"rendered":"Be\u00e9p\u00edtett t\u0171zjelz\u0151 berendez\u00e9s"},"content":{"rendered":"<div class=\"wp-block-image\">\r\n<figure class=\"aligncenter is-resized\"><img loading=\"lazy\" decoding=\"async\" class=\"wp-image-237 aligncenter\" src=\"https:\/\/192.168.1.200\/wordpress\/wp-content\/uploads\/2019\/10\/hochiki_compressed.jpg\" alt=\"\" width=\"485\" height=\"360\" srcset=\"https:\/\/espat.sk\/wordpress\/wp-content\/uploads\/2019\/10\/hochiki_compressed.jpg 934w, https:\/\/espat.sk\/wordpress\/wp-content\/uploads\/2019\/10\/hochiki_compressed-300x223.jpg 300w, https:\/\/espat.sk\/wordpress\/wp-content\/uploads\/2019\/10\/hochiki_compressed-768x570.jpg 768w, https:\/\/espat.sk\/wordpress\/wp-content\/uploads\/2019\/10\/hochiki_compressed-150x111.jpg 150w, https:\/\/espat.sk\/wordpress\/wp-content\/uploads\/2019\/10\/hochiki_compressed-640x475.jpg 640w\" sizes=\"auto, (max-width: 485px) 100vw, 485px\" \/><\/figure>\r\n<\/div>\r\n<!-- \/wp:post-content -->\r\n<p><span style=\"font-size: 12pt;\"><b>A be\u00e9p\u00edtett t\u0171zjelz\u0151 berendez\u00e9s <\/b>az \u00e9p\u00edtm\u00e9nyben vagy szabadt\u00e9ren elhelyezett, helyhez k\u00f6t\u00f6tt, a t\u0171z kifejl\u0151d\u00e9s\u00e9nek korai szakasz\u00e1ban \u00e9szlel\u00e9st, jelz\u00e9st \u00e9s megfelel\u0151 t\u0171zv\u00e9delmi int\u00e9zked\u00e9st \u00f6nm\u0171k\u00f6d\u0151en v\u00e9gz\u0151 berendez\u00e9s.<\/span><\/p>\r\n<!-- wp:image {\"id\":282,\"align\":\"center\"} -->\r\n<div class=\"wp-block-image\">\r\n<figure class=\"aligncenter\"><img loading=\"lazy\" decoding=\"async\" width=\"325\" height=\"343\" class=\"wp-image-282 aligncenter\" src=\"https:\/\/192.168.1.200\/wordpress\/wp-content\/uploads\/2019\/10\/pro-metheus-MX-1.png\" alt=\"\" srcset=\"https:\/\/espat.sk\/wordpress\/wp-content\/uploads\/2019\/10\/pro-metheus-MX-1.png 325w, https:\/\/espat.sk\/wordpress\/wp-content\/uploads\/2019\/10\/pro-metheus-MX-1-284x300.png 284w, https:\/\/espat.sk\/wordpress\/wp-content\/uploads\/2019\/10\/pro-metheus-MX-1-142x150.png 142w\" sizes=\"auto, (max-width: 325px) 100vw, 325px\" \/><\/figure>\r\n<\/div>\r\n<!-- \/wp:image -->\r\n<p><span style=\"font-size: 12pt;\">A be\u00e9p\u00edtett t\u0171zjelz\u0151 berendez\u00e9s \u00e1ltal\u00e1nos fel\u00e9p\u00edt\u00e9se a k\u00f6vetkez\u0151:\u00a0 t\u0171zjelz\u0151 k\u00f6zpont, t\u00e1pell\u00e1t\u00e1s,\u00a0 automatikus \u00e9rz\u00e9kel\u0151k (f\u00fcst-, l\u00e1ng-, h\u0151sebess\u00e9g-\u00e9rz\u00e9kel\u0151 stb.), k\u00e9zi jelz\u00e9sad\u00f3k, hangjelz\u0151k, f\u00e9nyjelz\u0151k, vezet\u00e9kek. <\/span><\/p>\r\n<!-- wp:paragraph -->\r\n<h2><img loading=\"lazy\" decoding=\"async\" class=\"wp-image-366 aligncenter\" src=\"https:\/\/192.168.1.200\/wordpress\/wp-content\/uploads\/2019\/11\/paso_ustredna-300x300.jpg\" alt=\"\" width=\"445\" height=\"445\" srcset=\"https:\/\/espat.sk\/wordpress\/wp-content\/uploads\/2019\/11\/paso_ustredna-300x300.jpg 300w, https:\/\/espat.sk\/wordpress\/wp-content\/uploads\/2019\/11\/paso_ustredna-150x150.jpg 150w, https:\/\/espat.sk\/wordpress\/wp-content\/uploads\/2019\/11\/paso_ustredna-640x640.jpg 640w, https:\/\/espat.sk\/wordpress\/wp-content\/uploads\/2019\/11\/paso_ustredna.jpg 700w\" sizes=\"auto, (max-width: 445px) 100vw, 445px\" \/><\/h2>\r\n<h2>Szolg\u00e1ltat\u00e1saim:<\/h2>\r\n<p><img loading=\"lazy\" decoding=\"async\" class=\"alignnone  wp-image-308\" src=\"https:\/\/192.168.1.200\/wordpress\/wp-content\/uploads\/2019\/11\/red_mark-38217_640-288x300.png\" alt=\"\" width=\"14\" height=\"15\" srcset=\"https:\/\/espat.sk\/wordpress\/wp-content\/uploads\/2019\/11\/red_mark-38217_640-288x300.png 288w, https:\/\/espat.sk\/wordpress\/wp-content\/uploads\/2019\/11\/red_mark-38217_640-150x150.png 150w, https:\/\/espat.sk\/wordpress\/wp-content\/uploads\/2019\/11\/red_mark-38217_640-144x150.png 144w, https:\/\/espat.sk\/wordpress\/wp-content\/uploads\/2019\/11\/red_mark-38217_640.png 615w\" sizes=\"auto, (max-width: 14px) 100vw, 14px\" \/> \u00a0 \u00a0 <span style=\"font-size: 12pt;\"><strong>Advanced MxPro5<\/strong> \u00e9s <strong>Synchro AS<\/strong>\u00a0 be\u00e9p\u00edtett t\u0171zjelz\u0151 berendez\u00e9sen alapul\u00f3 elektronikus\u00a0 t\u0171zv\u00e9delmi rendszerek tervez\u00e9se<\/span><\/p>\r\n<p><span style=\"font-size: 12pt;\"><img loading=\"lazy\" decoding=\"async\" class=\"alignnone  wp-image-308\" src=\"https:\/\/192.168.1.200\/wordpress\/wp-content\/uploads\/2019\/11\/red_mark-38217_640-288x300.png\" alt=\"\" width=\"14\" height=\"15\" srcset=\"https:\/\/espat.sk\/wordpress\/wp-content\/uploads\/2019\/11\/red_mark-38217_640-288x300.png 288w, https:\/\/espat.sk\/wordpress\/wp-content\/uploads\/2019\/11\/red_mark-38217_640-150x150.png 150w, https:\/\/espat.sk\/wordpress\/wp-content\/uploads\/2019\/11\/red_mark-38217_640-144x150.png 144w, https:\/\/espat.sk\/wordpress\/wp-content\/uploads\/2019\/11\/red_mark-38217_640.png 615w\" sizes=\"auto, (max-width: 14px) 100vw, 14px\" \/> \u00a0 \u00a0 <strong>Advanced MxPro5<\/strong> \u00e9s <strong>Synchro AS<\/strong> be\u00e9p\u00edtett t\u0171zjelz\u0151 berendez\u00e9sek telep\u00edt\u00e9se \u00e9s jav\u00edt\u00e1sa <\/span><\/p>\r\n<p><span style=\"font-size: 12pt;\"><img loading=\"lazy\" decoding=\"async\" class=\"alignnone  wp-image-308\" src=\"https:\/\/192.168.1.200\/wordpress\/wp-content\/uploads\/2019\/11\/red_mark-38217_640-288x300.png\" alt=\"\" width=\"14\" height=\"15\" srcset=\"https:\/\/espat.sk\/wordpress\/wp-content\/uploads\/2019\/11\/red_mark-38217_640-288x300.png 288w, https:\/\/espat.sk\/wordpress\/wp-content\/uploads\/2019\/11\/red_mark-38217_640-150x150.png 150w, https:\/\/espat.sk\/wordpress\/wp-content\/uploads\/2019\/11\/red_mark-38217_640-144x150.png 144w, https:\/\/espat.sk\/wordpress\/wp-content\/uploads\/2019\/11\/red_mark-38217_640.png 615w\" sizes=\"auto, (max-width: 14px) 100vw, 14px\" \/> \u00a0 \u00a0 <strong>PASO<\/strong> t\u0171zv\u00e9delmi hangjelz\u0151 rendszerek tervez\u00e9se<\/span><\/p>\r\n<p><span style=\"font-size: 12pt;\"><img loading=\"lazy\" decoding=\"async\" class=\"alignnone  wp-image-308\" src=\"https:\/\/192.168.1.200\/wordpress\/wp-content\/uploads\/2019\/11\/red_mark-38217_640-288x300.png\" alt=\"\" width=\"14\" height=\"15\" srcset=\"https:\/\/espat.sk\/wordpress\/wp-content\/uploads\/2019\/11\/red_mark-38217_640-288x300.png 288w, https:\/\/espat.sk\/wordpress\/wp-content\/uploads\/2019\/11\/red_mark-38217_640-150x150.png 150w, https:\/\/espat.sk\/wordpress\/wp-content\/uploads\/2019\/11\/red_mark-38217_640-144x150.png 144w, https:\/\/espat.sk\/wordpress\/wp-content\/uploads\/2019\/11\/red_mark-38217_640.png 615w\" sizes=\"auto, (max-width: 14px) 100vw, 14px\" \/> \u00a0 \u00a0 <strong>PASO<\/strong> t\u0171zv\u00e9delmi hangjelz\u0151 rendszerek telep\u00edt\u00e9se \u00e9s jav\u00edt\u00e1sa<\/span><\/p>\r\n<p>&nbsp;<\/p>\r\n<p><img loading=\"lazy\" decoding=\"async\" class=\"alignnone size-medium wp-image-451\" src=\"https:\/\/192.168.1.200\/wordpress\/wp-content\/uploads\/2019\/11\/Alexander-Patus-mini_logo-300x44.png\" alt=\"\" width=\"300\" height=\"44\" srcset=\"https:\/\/espat.sk\/wordpress\/wp-content\/uploads\/2019\/11\/Alexander-Patus-mini_logo-300x44.png 300w, https:\/\/espat.sk\/wordpress\/wp-content\/uploads\/2019\/11\/Alexander-Patus-mini_logo-150x22.png 150w, https:\/\/espat.sk\/wordpress\/wp-content\/uploads\/2019\/11\/Alexander-Patus-mini_logo.png 630w\" sizes=\"auto, (max-width: 300px) 100vw, 300px\" \/><\/p>\r\n<!-- wp:image {\"id\":238,\"align\":\"center\",\"width\":484,\"height\":358} \/-->","protected":false},"excerpt":{"rendered":"<p>A be\u00e9p\u00edtett t\u0171zjelz\u0151 berendez\u00e9s az \u00e9p\u00edtm\u00e9nyben vagy szabadt\u00e9ren elhelyezett, helyhez k\u00f6t\u00f6tt, a t\u0171z kifejl\u0151d\u00e9s\u00e9nek korai szakasz\u00e1ban \u00e9szlel\u00e9st, jelz\u00e9st \u00e9s megfelel\u0151 t\u0171zv\u00e9delmi int\u00e9zked\u00e9st \u00f6nm\u0171k\u00f6d\u0151en v\u00e9gz\u0151 berendez\u00e9s. A be\u00e9p\u00edtett t\u0171zjelz\u0151 berendez\u00e9s \u00e1ltal\u00e1nos fel\u00e9p\u00edt\u00e9se a k\u00f6vetkez\u0151:\u00a0 t\u0171zjelz\u0151 k\u00f6zpont, t\u00e1pell\u00e1t\u00e1s,\u00a0 automatikus \u00e9rz\u00e9kel\u0151k (f\u00fcst-, l\u00e1ng-, h\u0151sebess\u00e9g-\u00e9rz\u00e9kel\u0151 stb.), k\u00e9zi jelz\u00e9sad\u00f3k, hangjelz\u0151k, f\u00e9nyjelz\u0151k, vezet\u00e9kek. Szolg\u00e1ltat\u00e1saim: \u00a0 \u00a0 Advanced MxPro5 \u00e9s Synchro AS\u00a0 [&hellip;]<\/p>\n","protected":false},"author":1,"featured_media":278,"parent":0,"menu_order":0,"comment_status":"closed","ping_status":"closed","template":"templates\/fullwidth.php","meta":{"footnotes":""},"class_list":["post-196","page","type-page","status-publish","has-post-thumbnail","hentry","page-entry","loop-entry clr"],"yoast_head":"<!-- This site is optimized with the Yoast SEO plugin v18.4.1 - https:\/\/yoast.com\/wordpress\/plugins\/seo\/ -->\n<title>Be\u00e9p\u00edtett t\u0171zjelz\u0151 berendez\u00e9s - Alexander Patus - ESPAT Alexander Patus - ESPAT<\/title>\n<meta name=\"description\" content=\"Be\u00e9p\u00edtett t\u0171zjelz\u0151 berendez\u00e9s t\u0171zjelz\u0151 k\u00f6zpont automatikus \u00e9rz\u00e9kel\u0151k k\u00e9zi jelz\u00e9sad\u00f3k, hangjelz\u0151k, f\u00e9nyjelz\u0151k, vezet\u00e9kek\" \/>\n<meta name=\"robots\" content=\"index, follow, max-snippet:-1, max-image-preview:large, max-video-preview:-1\" \/>\n<link rel=\"canonical\" href=\"https:\/\/espat.sk\/wordpress\/tuzjelzo\/\" \/>\n<meta property=\"og:locale\" content=\"hu_HU\" \/>\n<meta property=\"og:type\" content=\"article\" \/>\n<meta property=\"og:title\" content=\"Be\u00e9p\u00edtett t\u0171zjelz\u0151 berendez\u00e9s - Alexander Patus - ESPAT Alexander Patus - ESPAT\" \/>\n<meta property=\"og:description\" content=\"Be\u00e9p\u00edtett t\u0171zjelz\u0151 berendez\u00e9s t\u0171zjelz\u0151 k\u00f6zpont automatikus \u00e9rz\u00e9kel\u0151k k\u00e9zi jelz\u00e9sad\u00f3k, hangjelz\u0151k, f\u00e9nyjelz\u0151k, vezet\u00e9kek\" \/>\n<meta property=\"og:url\" content=\"https:\/\/espat.sk\/wordpress\/tuzjelzo\/\" \/>\n<meta property=\"og:site_name\" content=\"Alexander Patus - ESPAT\" \/>\n<meta property=\"article:publisher\" content=\"https:\/\/www.facebook.com\/alexanderpatusespat\" \/>\n<meta property=\"article:modified_time\" content=\"2025-03-31T11:42:18+00:00\" \/>\n<meta property=\"og:image\" content=\"https:\/\/espat.sk\/wordpress\/wp-content\/uploads\/2019\/10\/binary-2910663_1280x100-1.jpg\" \/>\n\t<meta property=\"og:image:width\" content=\"1280\" \/>\n\t<meta property=\"og:image:height\" content=\"100\" \/>\n\t<meta property=\"og:image:type\" content=\"image\/jpeg\" \/>\n<meta name=\"twitter:card\" content=\"summary_large_image\" \/>\n<meta name=\"twitter:label1\" content=\"Becs\u00fclt olvas\u00e1si id\u0151\" \/>\n\t<meta name=\"twitter:data1\" content=\"3 perc\" \/>\n<script type=\"application\/ld+json\" class=\"yoast-schema-graph\">{\"@context\":\"https:\/\/schema.org\",\"@graph\":[{\"@type\":\"Organization\",\"@id\":\"https:\/\/espat.sk\/wordpress\/#organization\",\"name\":\"Alexander Patus - ESPAT\",\"url\":\"https:\/\/espat.sk\/wordpress\/\",\"sameAs\":[\"https:\/\/www.facebook.com\/alexanderpatusespat\"],\"logo\":{\"@type\":\"ImageObject\",\"@id\":\"https:\/\/espat.sk\/wordpress\/#logo\",\"inLanguage\":\"hu\",\"url\":\"https:\/\/espat.sk\/wordpress\/wp-content\/uploads\/2019\/11\/Alexander-Patus-mini_logo-1.jpg\",\"contentUrl\":\"https:\/\/espat.sk\/wordpress\/wp-content\/uploads\/2019\/11\/Alexander-Patus-mini_logo-1.jpg\",\"width\":630,\"height\":93,\"caption\":\"Alexander Patus - ESPAT\"},\"image\":{\"@id\":\"https:\/\/espat.sk\/wordpress\/#logo\"}},{\"@type\":\"WebSite\",\"@id\":\"https:\/\/espat.sk\/wordpress\/#website\",\"url\":\"https:\/\/espat.sk\/wordpress\/\",\"name\":\"Alexander Patus - ESPAT\",\"description\":\"IT and fire\",\"publisher\":{\"@id\":\"https:\/\/espat.sk\/wordpress\/#organization\"},\"potentialAction\":[{\"@type\":\"SearchAction\",\"target\":{\"@type\":\"EntryPoint\",\"urlTemplate\":\"https:\/\/espat.sk\/wordpress\/?s={search_term_string}\"},\"query-input\":\"required name=search_term_string\"}],\"inLanguage\":\"hu\"},{\"@type\":\"ImageObject\",\"@id\":\"https:\/\/espat.sk\/wordpress\/tuzjelzo\/#primaryimage\",\"inLanguage\":\"hu\",\"url\":\"https:\/\/espat.sk\/wordpress\/wp-content\/uploads\/2019\/10\/binary-2910663_1280x100-1.jpg\",\"contentUrl\":\"https:\/\/espat.sk\/wordpress\/wp-content\/uploads\/2019\/10\/binary-2910663_1280x100-1.jpg\",\"width\":1280,\"height\":100},{\"@type\":\"WebPage\",\"@id\":\"https:\/\/espat.sk\/wordpress\/tuzjelzo\/#webpage\",\"url\":\"https:\/\/espat.sk\/wordpress\/tuzjelzo\/\",\"name\":\"Be\u00e9p\u00edtett t\u0171zjelz\u0151 berendez\u00e9s - Alexander Patus - ESPAT Alexander Patus - ESPAT\",\"isPartOf\":{\"@id\":\"https:\/\/espat.sk\/wordpress\/#website\"},\"primaryImageOfPage\":{\"@id\":\"https:\/\/espat.sk\/wordpress\/tuzjelzo\/#primaryimage\"},\"datePublished\":\"2019-10-29T18:49:17+00:00\",\"dateModified\":\"2025-03-31T11:42:18+00:00\",\"description\":\"Be\u00e9p\u00edtett t\u0171zjelz\u0151 berendez\u00e9s t\u0171zjelz\u0151 k\u00f6zpont automatikus \u00e9rz\u00e9kel\u0151k k\u00e9zi jelz\u00e9sad\u00f3k, hangjelz\u0151k, f\u00e9nyjelz\u0151k, vezet\u00e9kek\",\"breadcrumb\":{\"@id\":\"https:\/\/espat.sk\/wordpress\/tuzjelzo\/#breadcrumb\"},\"inLanguage\":\"hu\",\"potentialAction\":[{\"@type\":\"ReadAction\",\"target\":[\"https:\/\/espat.sk\/wordpress\/tuzjelzo\/\"]}]},{\"@type\":\"BreadcrumbList\",\"@id\":\"https:\/\/espat.sk\/wordpress\/tuzjelzo\/#breadcrumb\",\"itemListElement\":[{\"@type\":\"ListItem\",\"position\":1,\"name\":\"Home\",\"item\":\"https:\/\/espat.sk\/wordpress\/\"},{\"@type\":\"ListItem\",\"position\":2,\"name\":\"Be\u00e9p\u00edtett t\u0171zjelz\u0151 berendez\u00e9s\"}]}]}<\/script>\n<!-- \/ Yoast SEO plugin. -->","yoast_head_json":{"title":"Be\u00e9p\u00edtett t\u0171zjelz\u0151 berendez\u00e9s - Alexander Patus - ESPAT Alexander Patus - ESPAT","description":"Be\u00e9p\u00edtett t\u0171zjelz\u0151 berendez\u00e9s t\u0171zjelz\u0151 k\u00f6zpont automatikus \u00e9rz\u00e9kel\u0151k k\u00e9zi jelz\u00e9sad\u00f3k, hangjelz\u0151k, f\u00e9nyjelz\u0151k, vezet\u00e9kek","robots":{"index":"index","follow":"follow","max-snippet":"max-snippet:-1","max-image-preview":"max-image-preview:large","max-video-preview":"max-video-preview:-1"},"canonical":"https:\/\/espat.sk\/wordpress\/tuzjelzo\/","og_locale":"hu_HU","og_type":"article","og_title":"Be\u00e9p\u00edtett t\u0171zjelz\u0151 berendez\u00e9s - Alexander Patus - ESPAT Alexander Patus - ESPAT","og_description":"Be\u00e9p\u00edtett t\u0171zjelz\u0151 berendez\u00e9s t\u0171zjelz\u0151 k\u00f6zpont automatikus \u00e9rz\u00e9kel\u0151k k\u00e9zi jelz\u00e9sad\u00f3k, hangjelz\u0151k, f\u00e9nyjelz\u0151k, vezet\u00e9kek","og_url":"https:\/\/espat.sk\/wordpress\/tuzjelzo\/","og_site_name":"Alexander Patus - ESPAT","article_publisher":"https:\/\/www.facebook.com\/alexanderpatusespat","article_modified_time":"2025-03-31T11:42:18+00:00","og_image":[{"width":1280,"height":100,"url":"https:\/\/espat.sk\/wordpress\/wp-content\/uploads\/2019\/10\/binary-2910663_1280x100-1.jpg","type":"image\/jpeg"}],"twitter_card":"summary_large_image","twitter_misc":{"Becs\u00fclt olvas\u00e1si id\u0151":"3 perc"},"schema":{"@context":"https:\/\/schema.org","@graph":[{"@type":"Organization","@id":"https:\/\/espat.sk\/wordpress\/#organization","name":"Alexander Patus - ESPAT","url":"https:\/\/espat.sk\/wordpress\/","sameAs":["https:\/\/www.facebook.com\/alexanderpatusespat"],"logo":{"@type":"ImageObject","@id":"https:\/\/espat.sk\/wordpress\/#logo","inLanguage":"hu","url":"https:\/\/espat.sk\/wordpress\/wp-content\/uploads\/2019\/11\/Alexander-Patus-mini_logo-1.jpg","contentUrl":"https:\/\/espat.sk\/wordpress\/wp-content\/uploads\/2019\/11\/Alexander-Patus-mini_logo-1.jpg","width":630,"height":93,"caption":"Alexander Patus - ESPAT"},"image":{"@id":"https:\/\/espat.sk\/wordpress\/#logo"}},{"@type":"WebSite","@id":"https:\/\/espat.sk\/wordpress\/#website","url":"https:\/\/espat.sk\/wordpress\/","name":"Alexander Patus - ESPAT","description":"IT and fire","publisher":{"@id":"https:\/\/espat.sk\/wordpress\/#organization"},"potentialAction":[{"@type":"SearchAction","target":{"@type":"EntryPoint","urlTemplate":"https:\/\/espat.sk\/wordpress\/?s={search_term_string}"},"query-input":"required name=search_term_string"}],"inLanguage":"hu"},{"@type":"ImageObject","@id":"https:\/\/espat.sk\/wordpress\/tuzjelzo\/#primaryimage","inLanguage":"hu","url":"https:\/\/espat.sk\/wordpress\/wp-content\/uploads\/2019\/10\/binary-2910663_1280x100-1.jpg","contentUrl":"https:\/\/espat.sk\/wordpress\/wp-content\/uploads\/2019\/10\/binary-2910663_1280x100-1.jpg","width":1280,"height":100},{"@type":"WebPage","@id":"https:\/\/espat.sk\/wordpress\/tuzjelzo\/#webpage","url":"https:\/\/espat.sk\/wordpress\/tuzjelzo\/","name":"Be\u00e9p\u00edtett t\u0171zjelz\u0151 berendez\u00e9s - Alexander Patus - ESPAT Alexander Patus - ESPAT","isPartOf":{"@id":"https:\/\/espat.sk\/wordpress\/#website"},"primaryImageOfPage":{"@id":"https:\/\/espat.sk\/wordpress\/tuzjelzo\/#primaryimage"},"datePublished":"2019-10-29T18:49:17+00:00","dateModified":"2025-03-31T11:42:18+00:00","description":"Be\u00e9p\u00edtett t\u0171zjelz\u0151 berendez\u00e9s t\u0171zjelz\u0151 k\u00f6zpont automatikus \u00e9rz\u00e9kel\u0151k k\u00e9zi jelz\u00e9sad\u00f3k, hangjelz\u0151k, f\u00e9nyjelz\u0151k, vezet\u00e9kek","breadcrumb":{"@id":"https:\/\/espat.sk\/wordpress\/tuzjelzo\/#breadcrumb"},"inLanguage":"hu","potentialAction":[{"@type":"ReadAction","target":["https:\/\/espat.sk\/wordpress\/tuzjelzo\/"]}]},{"@type":"BreadcrumbList","@id":"https:\/\/espat.sk\/wordpress\/tuzjelzo\/#breadcrumb","itemListElement":[{"@type":"ListItem","position":1,"name":"Home","item":"https:\/\/espat.sk\/wordpress\/"},{"@type":"ListItem","position":2,"name":"Be\u00e9p\u00edtett t\u0171zjelz\u0151 berendez\u00e9s"}]}]}},"_links":{"self":[{"href":"https:\/\/espat.sk\/wordpress\/wp-json\/wp\/v2\/pages\/196","targetHints":{"allow":["GET"]}}],"collection":[{"href":"https:\/\/espat.sk\/wordpress\/wp-json\/wp\/v2\/pages"}],"about":[{"href":"https:\/\/espat.sk\/wordpress\/wp-json\/wp\/v2\/types\/page"}],"author":[{"embeddable":true,"href":"https:\/\/espat.sk\/wordpress\/wp-json\/wp\/v2\/users\/1"}],"replies":[{"embeddable":true,"href":"https:\/\/espat.sk\/wordpress\/wp-json\/wp\/v2\/comments?post=196"}],"version-history":[{"count":22,"href":"https:\/\/espat.sk\/wordpress\/wp-json\/wp\/v2\/pages\/196\/revisions"}],"predecessor-version":[{"id":582,"href":"https:\/\/espat.sk\/wordpress\/wp-json\/wp\/v2\/pages\/196\/revisions\/582"}],"wp:featuredmedia":[{"embeddable":true,"href":"https:\/\/espat.sk\/wordpress\/wp-json\/wp\/v2\/media\/278"}],"wp:attachment":[{"href":"https:\/\/espat.sk\/wordpress\/wp-json\/wp\/v2\/media?parent=196"}],"curies":[{"name":"wp","href":"https:\/\/api.w.org\/{rel}","templated":true}]}}