{"id":170,"date":"2019-10-29T17:54:38","date_gmt":"2019-10-29T17:54:38","guid":{"rendered":"http:\/\/192.168.1.200\/wordpress\/?page_id=170"},"modified":"2020-11-29T23:59:58","modified_gmt":"2020-11-29T22:59:58","slug":"kapcsolat","status":"publish","type":"page","link":"https:\/\/espat.sk\/wordpress\/kapcsolat\/","title":{"rendered":"Kapcsolat"},"content":{"rendered":"<h1 class=\"widget-title\"><span style=\"font-size: 14pt;\">El\u00e9rhet\u0151s\u00e9gem:<\/span><\/h1>\n<div class=\"textwidget\">\n<p><strong>C\u00edm:<\/strong><\/p>\n<p>Ing.Patus S\u00e1ndor<\/p>\n<p>Vad\u00e1sz u. 6<\/p>\n<p>945 01 Kom\u00e1rom<\/p>\n<p>&nbsp;<\/p>\n<p><strong>Mobiltelefon:<\/strong><\/p>\n<p>+421\/948140072<\/p>\n<\/div>\n<p><strong>e-mail:<\/strong><\/p>\n<p>info@espat.sk<\/p>\n<p><img loading=\"lazy\" decoding=\"async\" class=\"alignnone wp-image-486\" src=\"https:\/\/192.168.1.200\/wordpress\/wp-content\/uploads\/2019\/11\/QR_kod-300x300.png\" alt=\"QR k\u00f3d\" width=\"191\" height=\"191\" srcset=\"https:\/\/espat.sk\/wordpress\/wp-content\/uploads\/2019\/11\/QR_kod-300x300.png 300w, https:\/\/espat.sk\/wordpress\/wp-content\/uploads\/2019\/11\/QR_kod-150x150.png 150w, https:\/\/espat.sk\/wordpress\/wp-content\/uploads\/2019\/11\/QR_kod.png 585w\" sizes=\"auto, (max-width: 191px) 100vw, 191px\" \/><\/p>\n<p><img loading=\"lazy\" decoding=\"async\" class=\"alignnone size-medium wp-image-451\" src=\"https:\/\/192.168.1.200\/wordpress\/wp-content\/uploads\/2019\/11\/Alexander-Patus-mini_logo-300x44.png\" alt=\"\" width=\"300\" height=\"44\" srcset=\"https:\/\/espat.sk\/wordpress\/wp-content\/uploads\/2019\/11\/Alexander-Patus-mini_logo-300x44.png 300w, https:\/\/espat.sk\/wordpress\/wp-content\/uploads\/2019\/11\/Alexander-Patus-mini_logo-150x22.png 150w, https:\/\/espat.sk\/wordpress\/wp-content\/uploads\/2019\/11\/Alexander-Patus-mini_logo.png 630w\" sizes=\"auto, (max-width: 300px) 100vw, 300px\" \/><\/p>\n","protected":false},"excerpt":{"rendered":"<p>El\u00e9rhet\u0151s\u00e9gem: C\u00edm: Ing.Patus S\u00e1ndor Vad\u00e1sz u. 6 945 01 Kom\u00e1rom &nbsp; Mobiltelefon: +421\/948140072 e-mail: info@espat.sk<\/p>\n","protected":false},"author":1,"featured_media":278,"parent":0,"menu_order":0,"comment_status":"closed","ping_status":"closed","template":"templates\/fullwidth.php","meta":{"footnotes":""},"class_list":["post-170","page","type-page","status-publish","has-post-thumbnail","hentry","page-entry","loop-entry clr"],"yoast_head":"<!-- This site is optimized with the Yoast SEO plugin v18.4.1 - https:\/\/yoast.com\/wordpress\/plugins\/seo\/ -->\n<title>Kapcsolat - Alexander Patus - ESPAT<\/title>\n<meta name=\"robots\" content=\"index, follow, max-snippet:-1, max-image-preview:large, max-video-preview:-1\" \/>\n<link rel=\"canonical\" href=\"https:\/\/espat.sk\/wordpress\/kapcsolat\/\" \/>\n<meta property=\"og:locale\" content=\"hu_HU\" \/>\n<meta property=\"og:type\" content=\"article\" \/>\n<meta property=\"og:title\" content=\"Kapcsolat - Alexander Patus - ESPAT\" \/>\n<meta property=\"og:description\" content=\"El\u00e9rhet\u0151s\u00e9gem: C\u00edm: Ing.Patus S\u00e1ndor Vad\u00e1sz u. 6 945 01 Kom\u00e1rom &nbsp; Mobiltelefon: +421\/948140072 e-mail: info@espat.sk\" \/>\n<meta property=\"og:url\" content=\"https:\/\/espat.sk\/wordpress\/kapcsolat\/\" \/>\n<meta property=\"og:site_name\" content=\"Alexander Patus - ESPAT\" \/>\n<meta property=\"article:publisher\" content=\"https:\/\/www.facebook.com\/alexanderpatusespat\" \/>\n<meta property=\"article:modified_time\" content=\"2020-11-29T22:59:58+00:00\" \/>\n<meta property=\"og:image\" content=\"https:\/\/espat.sk\/wordpress\/wp-content\/uploads\/2019\/10\/binary-2910663_1280x100-1.jpg\" \/>\n\t<meta property=\"og:image:width\" content=\"1280\" \/>\n\t<meta property=\"og:image:height\" content=\"100\" \/>\n\t<meta property=\"og:image:type\" content=\"image\/jpeg\" \/>\n<meta name=\"twitter:card\" content=\"summary_large_image\" \/>\n<script type=\"application\/ld+json\" class=\"yoast-schema-graph\">{\"@context\":\"https:\/\/schema.org\",\"@graph\":[{\"@type\":\"Organization\",\"@id\":\"https:\/\/espat.sk\/wordpress\/#organization\",\"name\":\"Alexander Patus - ESPAT\",\"url\":\"https:\/\/espat.sk\/wordpress\/\",\"sameAs\":[\"https:\/\/www.facebook.com\/alexanderpatusespat\"],\"logo\":{\"@type\":\"ImageObject\",\"@id\":\"https:\/\/espat.sk\/wordpress\/#logo\",\"inLanguage\":\"hu\",\"url\":\"https:\/\/espat.sk\/wordpress\/wp-content\/uploads\/2019\/11\/Alexander-Patus-mini_logo-1.jpg\",\"contentUrl\":\"https:\/\/espat.sk\/wordpress\/wp-content\/uploads\/2019\/11\/Alexander-Patus-mini_logo-1.jpg\",\"width\":630,\"height\":93,\"caption\":\"Alexander Patus - ESPAT\"},\"image\":{\"@id\":\"https:\/\/espat.sk\/wordpress\/#logo\"}},{\"@type\":\"WebSite\",\"@id\":\"https:\/\/espat.sk\/wordpress\/#website\",\"url\":\"https:\/\/espat.sk\/wordpress\/\",\"name\":\"Alexander Patus - ESPAT\",\"description\":\"IT and fire\",\"publisher\":{\"@id\":\"https:\/\/espat.sk\/wordpress\/#organization\"},\"potentialAction\":[{\"@type\":\"SearchAction\",\"target\":{\"@type\":\"EntryPoint\",\"urlTemplate\":\"https:\/\/espat.sk\/wordpress\/?s={search_term_string}\"},\"query-input\":\"required name=search_term_string\"}],\"inLanguage\":\"hu\"},{\"@type\":\"ImageObject\",\"@id\":\"https:\/\/espat.sk\/wordpress\/kapcsolat\/#primaryimage\",\"inLanguage\":\"hu\",\"url\":\"https:\/\/espat.sk\/wordpress\/wp-content\/uploads\/2019\/10\/binary-2910663_1280x100-1.jpg\",\"contentUrl\":\"https:\/\/espat.sk\/wordpress\/wp-content\/uploads\/2019\/10\/binary-2910663_1280x100-1.jpg\",\"width\":1280,\"height\":100},{\"@type\":\"WebPage\",\"@id\":\"https:\/\/espat.sk\/wordpress\/kapcsolat\/#webpage\",\"url\":\"https:\/\/espat.sk\/wordpress\/kapcsolat\/\",\"name\":\"Kapcsolat - Alexander Patus - ESPAT\",\"isPartOf\":{\"@id\":\"https:\/\/espat.sk\/wordpress\/#website\"},\"primaryImageOfPage\":{\"@id\":\"https:\/\/espat.sk\/wordpress\/kapcsolat\/#primaryimage\"},\"datePublished\":\"2019-10-29T17:54:38+00:00\",\"dateModified\":\"2020-11-29T22:59:58+00:00\",\"breadcrumb\":{\"@id\":\"https:\/\/espat.sk\/wordpress\/kapcsolat\/#breadcrumb\"},\"inLanguage\":\"hu\",\"potentialAction\":[{\"@type\":\"ReadAction\",\"target\":[\"https:\/\/espat.sk\/wordpress\/kapcsolat\/\"]}]},{\"@type\":\"BreadcrumbList\",\"@id\":\"https:\/\/espat.sk\/wordpress\/kapcsolat\/#breadcrumb\",\"itemListElement\":[{\"@type\":\"ListItem\",\"position\":1,\"name\":\"Home\",\"item\":\"https:\/\/espat.sk\/wordpress\/\"},{\"@type\":\"ListItem\",\"position\":2,\"name\":\"Kapcsolat\"}]}]}<\/script>\n<!-- \/ Yoast SEO plugin. -->","yoast_head_json":{"title":"Kapcsolat - Alexander Patus - ESPAT","robots":{"index":"index","follow":"follow","max-snippet":"max-snippet:-1","max-image-preview":"max-image-preview:large","max-video-preview":"max-video-preview:-1"},"canonical":"https:\/\/espat.sk\/wordpress\/kapcsolat\/","og_locale":"hu_HU","og_type":"article","og_title":"Kapcsolat - Alexander Patus - ESPAT","og_description":"El\u00e9rhet\u0151s\u00e9gem: C\u00edm: Ing.Patus S\u00e1ndor Vad\u00e1sz u. 6 945 01 Kom\u00e1rom &nbsp; Mobiltelefon: +421\/948140072 e-mail: info@espat.sk","og_url":"https:\/\/espat.sk\/wordpress\/kapcsolat\/","og_site_name":"Alexander Patus - ESPAT","article_publisher":"https:\/\/www.facebook.com\/alexanderpatusespat","article_modified_time":"2020-11-29T22:59:58+00:00","og_image":[{"width":1280,"height":100,"url":"https:\/\/espat.sk\/wordpress\/wp-content\/uploads\/2019\/10\/binary-2910663_1280x100-1.jpg","type":"image\/jpeg"}],"twitter_card":"summary_large_image","schema":{"@context":"https:\/\/schema.org","@graph":[{"@type":"Organization","@id":"https:\/\/espat.sk\/wordpress\/#organization","name":"Alexander Patus - ESPAT","url":"https:\/\/espat.sk\/wordpress\/","sameAs":["https:\/\/www.facebook.com\/alexanderpatusespat"],"logo":{"@type":"ImageObject","@id":"https:\/\/espat.sk\/wordpress\/#logo","inLanguage":"hu","url":"https:\/\/espat.sk\/wordpress\/wp-content\/uploads\/2019\/11\/Alexander-Patus-mini_logo-1.jpg","contentUrl":"https:\/\/espat.sk\/wordpress\/wp-content\/uploads\/2019\/11\/Alexander-Patus-mini_logo-1.jpg","width":630,"height":93,"caption":"Alexander Patus - ESPAT"},"image":{"@id":"https:\/\/espat.sk\/wordpress\/#logo"}},{"@type":"WebSite","@id":"https:\/\/espat.sk\/wordpress\/#website","url":"https:\/\/espat.sk\/wordpress\/","name":"Alexander Patus - ESPAT","description":"IT and fire","publisher":{"@id":"https:\/\/espat.sk\/wordpress\/#organization"},"potentialAction":[{"@type":"SearchAction","target":{"@type":"EntryPoint","urlTemplate":"https:\/\/espat.sk\/wordpress\/?s={search_term_string}"},"query-input":"required name=search_term_string"}],"inLanguage":"hu"},{"@type":"ImageObject","@id":"https:\/\/espat.sk\/wordpress\/kapcsolat\/#primaryimage","inLanguage":"hu","url":"https:\/\/espat.sk\/wordpress\/wp-content\/uploads\/2019\/10\/binary-2910663_1280x100-1.jpg","contentUrl":"https:\/\/espat.sk\/wordpress\/wp-content\/uploads\/2019\/10\/binary-2910663_1280x100-1.jpg","width":1280,"height":100},{"@type":"WebPage","@id":"https:\/\/espat.sk\/wordpress\/kapcsolat\/#webpage","url":"https:\/\/espat.sk\/wordpress\/kapcsolat\/","name":"Kapcsolat - Alexander Patus - ESPAT","isPartOf":{"@id":"https:\/\/espat.sk\/wordpress\/#website"},"primaryImageOfPage":{"@id":"https:\/\/espat.sk\/wordpress\/kapcsolat\/#primaryimage"},"datePublished":"2019-10-29T17:54:38+00:00","dateModified":"2020-11-29T22:59:58+00:00","breadcrumb":{"@id":"https:\/\/espat.sk\/wordpress\/kapcsolat\/#breadcrumb"},"inLanguage":"hu","potentialAction":[{"@type":"ReadAction","target":["https:\/\/espat.sk\/wordpress\/kapcsolat\/"]}]},{"@type":"BreadcrumbList","@id":"https:\/\/espat.sk\/wordpress\/kapcsolat\/#breadcrumb","itemListElement":[{"@type":"ListItem","position":1,"name":"Home","item":"https:\/\/espat.sk\/wordpress\/"},{"@type":"ListItem","position":2,"name":"Kapcsolat"}]}]}},"_links":{"self":[{"href":"https:\/\/espat.sk\/wordpress\/wp-json\/wp\/v2\/pages\/170","targetHints":{"allow":["GET"]}}],"collection":[{"href":"https:\/\/espat.sk\/wordpress\/wp-json\/wp\/v2\/pages"}],"about":[{"href":"https:\/\/espat.sk\/wordpress\/wp-json\/wp\/v2\/types\/page"}],"author":[{"embeddable":true,"href":"https:\/\/espat.sk\/wordpress\/wp-json\/wp\/v2\/users\/1"}],"replies":[{"embeddable":true,"href":"https:\/\/espat.sk\/wordpress\/wp-json\/wp\/v2\/comments?post=170"}],"version-history":[{"count":13,"href":"https:\/\/espat.sk\/wordpress\/wp-json\/wp\/v2\/pages\/170\/revisions"}],"predecessor-version":[{"id":564,"href":"https:\/\/espat.sk\/wordpress\/wp-json\/wp\/v2\/pages\/170\/revisions\/564"}],"wp:featuredmedia":[{"embeddable":true,"href":"https:\/\/espat.sk\/wordpress\/wp-json\/wp\/v2\/media\/278"}],"wp:attachment":[{"href":"https:\/\/espat.sk\/wordpress\/wp-json\/wp\/v2\/media?parent=170"}],"curies":[{"name":"wp","href":"https:\/\/api.w.org\/{rel}","templated":true}]}}